{"id":506,"date":"2026-04-20T09:35:14","date_gmt":"2026-04-20T09:35:14","guid":{"rendered":"https:\/\/eriks.fi\/?page_id=506"},"modified":"2026-04-20T09:45:51","modified_gmt":"2026-04-20T09:45:51","slug":"eriks-majoneesi-hummerihodarit","status":"publish","type":"page","link":"https:\/\/eriks.fi\/index.php\/eriks-majoneesi-hummerihodarit\/","title":{"rendered":"Eriks Majoneesi &#8211; Hummerihodarit"},"content":{"rendered":"\n<div class=\"wp-block-cover alignfull is-light\" style=\"min-height:491px;aspect-ratio:unset;\"><img loading=\"lazy\" decoding=\"async\" width=\"960\" height=\"498\" class=\"wp-block-cover__image-background wp-image-507 size-full\" alt=\"\" src=\"https:\/\/eriks.fi\/wp-content\/uploads\/2026\/04\/Hummerihodari.jpg\" style=\"object-position:54% 48%\" data-object-fit=\"cover\" data-object-position=\"54% 48%\" srcset=\"https:\/\/eriks.fi\/wp-content\/uploads\/2026\/04\/Hummerihodari.jpg 960w, https:\/\/eriks.fi\/wp-content\/uploads\/2026\/04\/Hummerihodari-300x156.jpg 300w, https:\/\/eriks.fi\/wp-content\/uploads\/2026\/04\/Hummerihodari-768x398.jpg 768w\" sizes=\"auto, (max-width: 960px) 100vw, 960px\" \/><span aria-hidden=\"true\" class=\"wp-block-cover__background has-background-dim-0 has-background-dim\" style=\"background-color:#b4b3a8\"><\/span><div class=\"wp-block-cover__inner-container is-layout-flow wp-block-cover-is-layout-flow\">\n<h1 class=\"wp-block-heading has-text-align-center has-white-color has-text-color\"><\/h1>\n\n\n\n<div style=\"height:40px\" aria-hidden=\"true\" class=\"wp-block-spacer\"><\/div>\n\n\n\n<div class=\"wp-block-group\"><div class=\"wp-block-group__inner-container is-layout-flow wp-block-group-is-layout-flow\">\n<div class=\"wp-block-buttons is-content-justification-center is-layout-flex wp-container-core-buttons-is-layout-16018d1d wp-block-buttons-is-layout-flex\"><\/div>\n<\/div><\/div>\n<\/div><\/div>\n\n\n\n<div style=\"height:100px\" aria-hidden=\"true\" class=\"wp-block-spacer\"><\/div>\n\n\n\n<div class=\"wp-block-columns is-layout-flex wp-container-core-columns-is-layout-9d6595d7 wp-block-columns-is-layout-flex\">\n<div class=\"wp-block-column is-layout-flow wp-block-column-is-layout-flow\">\n<figure class=\"wp-block-image size-large\"><img loading=\"lazy\" decoding=\"async\" width=\"910\" height=\"1024\" src=\"https:\/\/eriks.fi\/wp-content\/uploads\/2026\/04\/Hummerihodari-1-910x1024.png\" alt=\"\" class=\"wp-image-512\" srcset=\"https:\/\/eriks.fi\/wp-content\/uploads\/2026\/04\/Hummerihodari-1-910x1024.png 910w, https:\/\/eriks.fi\/wp-content\/uploads\/2026\/04\/Hummerihodari-1-267x300.png 267w, https:\/\/eriks.fi\/wp-content\/uploads\/2026\/04\/Hummerihodari-1-768x864.png 768w, https:\/\/eriks.fi\/wp-content\/uploads\/2026\/04\/Hummerihodari-1.png 1004w\" sizes=\"auto, (max-width: 910px) 100vw, 910px\" \/><\/figure>\n<\/div>\n\n\n\n<div class=\"wp-block-column is-vertically-aligned-center is-layout-flow wp-block-column-is-layout-flow\">\n<h2 class=\"wp-block-heading\">Hummerihodarit<\/h2>\n\n\n\n<p><br><strong>Valmistusaika: 30 min<\/strong><br><strong>4 annosta<\/strong><\/p>\n\n\n\n<p><br>2 kpl Keitettyj\u00e4 hummereita<br>4 kpl Hot dog -s\u00e4mpyl\u00f6it\u00e4<br>40 g Varsiselleri\u00e4<br>20 g Ruohosipulia<br>30 g Tilli\u00e4<br>1 tl Sitruunamehua<br>0,5 tl Sitruunankuorta (raastettuna)<br>80 g Eriks Majoneesia<br>50 g Voita<br>Suolaa maun mukaan<br>Mustapippuria maun mukaan<\/p>\n\n\n\n<div class=\"wp-block-buttons is-layout-flex wp-block-buttons-is-layout-flex\">\n<div class=\"wp-block-button is-style-primary\"><a class=\"wp-block-button__link wp-element-button\" href=\"https:\/\/eriks.fi\/index.php\/uutuudet\/\">Uutuus!<\/a><\/div>\n<\/div>\n<\/div>\n<\/div>\n\n\n\n<div style=\"height:49px\" aria-hidden=\"true\" class=\"wp-block-spacer\"><\/div>\n\n\n\n<p><strong>Tee n\u00e4in:<\/strong><\/p>\n\n\n\n<p><br>Aloita irrottamalla hummerin sakset ja jalat. Aseta veitsi p\u00e4\u00e4n keskelle ja halkaise hummeri ensin pyrst\u00f6\u00f6n p\u00e4in, k\u00e4\u00e4nn\u00e4 ja jatka<br>takaisin kohti p\u00e4\u00e4t\u00e4. Poista vatsa ja tumma suoli. Riko saksien kuori veitsell\u00e4 varovasti ja irrota liha. Muista my\u00f6s pienempi sakaran osa. Leikkaa tai katkaise jalat auki lihan talteen saamiseksi, ja irrota lopuksi liha pyrst\u00f6st\u00e4.<br><\/p>\n\n\n\n<p>Leikkaa kaikki liha karkeiksi paloiksi. Hienonna selleri pieniksi kuutioiksi, silppua ruohosipuli ja nypi tilli l\u00f6ys\u00e4sti \u2013 sit\u00e4 ei kannata hienontaa liikaa. Sekoita selleri, ruohosipuli, tilli, sitruunamehu ja raastettu sitruunankuori majoneesiin. Maista ja lis\u00e4\u00e4 tarvittaessa suolaa. Lis\u00e4\u00e4 hummerinliha seokseen ja sekoita. <\/p>\n\n\n\n<p>Lis\u00e4\u00e4 majoneesia tarvittaessa, kunnes koostumus on sopiva. Avaa s\u00e4mpyl\u00e4t j\u00e4tt\u00e4en ne yhdest\u00e4 reunasta kiinni, ja paista leikkuupinta voissa pannulla kullanruskeaksi. T\u00e4yt\u00e4 reilusti ja tarjoile heti.<br><\/p>\n\n\n\n<p>Vinkki:<br>Voit k\u00e4ytt\u00e4\u00e4 hummerin sijasta my\u00f6s katkarapuja!<\/p>\n\n\n\n<div style=\"height:162px\" aria-hidden=\"true\" class=\"wp-block-spacer\"><\/div>\n","protected":false},"excerpt":{"rendered":"<p>Hummerihodarit Valmistusaika: 30 min4 annosta 2 kpl Keitettyj\u00e4 hummereita4 kpl Hot dog -s\u00e4mpyl\u00f6it\u00e440 g Varsiselleri\u00e420 g Ruohosipulia30 g Tilli\u00e41 tl Sitruunamehua0,5 tl Sitruunankuorta (raastettuna)80 g Eriks Majoneesia50 g VoitaSuolaa maun mukaanMustapippuria maun mukaan Tee n\u00e4in: Aloita irrottamalla hummerin sakset ja jalat. Aseta veitsi p\u00e4\u00e4n keskelle ja halkaise hummeri ensin pyrst\u00f6\u00f6n p\u00e4in, k\u00e4\u00e4nn\u00e4 ja jatkatakaisin kohti&hellip;&nbsp;<\/p>\n","protected":false},"author":1,"featured_media":0,"parent":0,"menu_order":0,"comment_status":"closed","ping_status":"closed","template":"","meta":{"neve_meta_sidebar":"","neve_meta_container":"","neve_meta_enable_content_width":"","neve_meta_content_width":0,"neve_meta_title_alignment":"","neve_meta_author_avatar":"","neve_post_elements_order":"","neve_meta_disable_header":"","neve_meta_disable_footer":"","neve_meta_disable_title":"","neve_meta_reading_time":"","iawp_total_views":11,"footnotes":""},"class_list":["post-506","page","type-page","status-publish","hentry"],"yoast_head":"<!-- This site is optimized with the Yoast SEO plugin v27.4 - https:\/\/yoast.com\/product\/yoast-seo-wordpress\/ -->\n<title>Eriks Majoneesi - Hummerihodarit - Eriks<\/title>\n<meta name=\"robots\" content=\"index, follow, max-snippet:-1, max-image-preview:large, max-video-preview:-1\" \/>\n<link rel=\"canonical\" href=\"https:\/\/eriks.fi\/index.php\/eriks-majoneesi-hummerihodarit\/\" \/>\n<meta property=\"og:locale\" content=\"fi_FI\" \/>\n<meta property=\"og:type\" content=\"article\" \/>\n<meta property=\"og:title\" content=\"Eriks Majoneesi - Hummerihodarit - Eriks\" \/>\n<meta property=\"og:description\" content=\"Hummerihodarit Valmistusaika: 30 min4 annosta 2 kpl Keitettyj\u00e4 hummereita4 kpl Hot dog -s\u00e4mpyl\u00f6it\u00e440 g Varsiselleri\u00e420 g Ruohosipulia30 g Tilli\u00e41 tl Sitruunamehua0,5 tl Sitruunankuorta (raastettuna)80 g Eriks Majoneesia50 g VoitaSuolaa maun mukaanMustapippuria maun mukaan Tee n\u00e4in: Aloita irrottamalla hummerin sakset ja jalat. Aseta veitsi p\u00e4\u00e4n keskelle ja halkaise hummeri ensin pyrst\u00f6\u00f6n p\u00e4in, k\u00e4\u00e4nn\u00e4 ja jatkatakaisin kohti&hellip;&nbsp;\" \/>\n<meta property=\"og:url\" content=\"https:\/\/eriks.fi\/index.php\/eriks-majoneesi-hummerihodarit\/\" \/>\n<meta property=\"og:site_name\" content=\"Eriks\" \/>\n<meta property=\"article:publisher\" content=\"https:\/\/www.facebook.com\/erikskastikkeet\" \/>\n<meta property=\"article:modified_time\" content=\"2026-04-20T09:45:51+00:00\" \/>\n<meta property=\"og:image\" content=\"https:\/\/eriks.fi\/wp-content\/uploads\/2026\/04\/Hummerihodari.jpg\" \/>\n\t<meta property=\"og:image:width\" content=\"960\" \/>\n\t<meta property=\"og:image:height\" content=\"498\" \/>\n\t<meta property=\"og:image:type\" content=\"image\/jpeg\" \/>\n<meta name=\"twitter:card\" content=\"summary_large_image\" \/>\n<meta name=\"twitter:label1\" content=\"Arvioitu lukuaika\" \/>\n\t<meta name=\"twitter:data1\" content=\"2 minuuttia\" \/>\n<script type=\"application\/ld+json\" class=\"yoast-schema-graph\">{\"@context\":\"https:\\\/\\\/schema.org\",\"@graph\":[{\"@type\":\"WebPage\",\"@id\":\"https:\\\/\\\/eriks.fi\\\/index.php\\\/eriks-majoneesi-hummerihodarit\\\/\",\"url\":\"https:\\\/\\\/eriks.fi\\\/index.php\\\/eriks-majoneesi-hummerihodarit\\\/\",\"name\":\"Eriks Majoneesi - Hummerihodarit - Eriks\",\"isPartOf\":{\"@id\":\"https:\\\/\\\/eriks.fi\\\/#website\"},\"primaryImageOfPage\":{\"@id\":\"https:\\\/\\\/eriks.fi\\\/index.php\\\/eriks-majoneesi-hummerihodarit\\\/#primaryimage\"},\"image\":{\"@id\":\"https:\\\/\\\/eriks.fi\\\/index.php\\\/eriks-majoneesi-hummerihodarit\\\/#primaryimage\"},\"thumbnailUrl\":\"https:\\\/\\\/eriks.fi\\\/wp-content\\\/uploads\\\/2026\\\/04\\\/Hummerihodari.jpg\",\"datePublished\":\"2026-04-20T09:35:14+00:00\",\"dateModified\":\"2026-04-20T09:45:51+00:00\",\"breadcrumb\":{\"@id\":\"https:\\\/\\\/eriks.fi\\\/index.php\\\/eriks-majoneesi-hummerihodarit\\\/#breadcrumb\"},\"inLanguage\":\"fi\",\"potentialAction\":[{\"@type\":\"ReadAction\",\"target\":[\"https:\\\/\\\/eriks.fi\\\/index.php\\\/eriks-majoneesi-hummerihodarit\\\/\"]}]},{\"@type\":\"ImageObject\",\"inLanguage\":\"fi\",\"@id\":\"https:\\\/\\\/eriks.fi\\\/index.php\\\/eriks-majoneesi-hummerihodarit\\\/#primaryimage\",\"url\":\"https:\\\/\\\/eriks.fi\\\/wp-content\\\/uploads\\\/2026\\\/04\\\/Hummerihodari.jpg\",\"contentUrl\":\"https:\\\/\\\/eriks.fi\\\/wp-content\\\/uploads\\\/2026\\\/04\\\/Hummerihodari.jpg\",\"width\":960,\"height\":498},{\"@type\":\"BreadcrumbList\",\"@id\":\"https:\\\/\\\/eriks.fi\\\/index.php\\\/eriks-majoneesi-hummerihodarit\\\/#breadcrumb\",\"itemListElement\":[{\"@type\":\"ListItem\",\"position\":1,\"name\":\"Etusivu\",\"item\":\"https:\\\/\\\/eriks.fi\\\/\"},{\"@type\":\"ListItem\",\"position\":2,\"name\":\"Eriks Majoneesi &#8211; Hummerihodarit\"}]},{\"@type\":\"WebSite\",\"@id\":\"https:\\\/\\\/eriks.fi\\\/#website\",\"url\":\"https:\\\/\\\/eriks.fi\\\/\",\"name\":\"Eriks\",\"description\":\"Eriks-kastikkeet\",\"publisher\":{\"@id\":\"https:\\\/\\\/eriks.fi\\\/#organization\"},\"potentialAction\":[{\"@type\":\"SearchAction\",\"target\":{\"@type\":\"EntryPoint\",\"urlTemplate\":\"https:\\\/\\\/eriks.fi\\\/?s={search_term_string}\"},\"query-input\":{\"@type\":\"PropertyValueSpecification\",\"valueRequired\":true,\"valueName\":\"search_term_string\"}}],\"inLanguage\":\"fi\"},{\"@type\":\"Organization\",\"@id\":\"https:\\\/\\\/eriks.fi\\\/#organization\",\"name\":\"Kavli\",\"url\":\"https:\\\/\\\/eriks.fi\\\/\",\"logo\":{\"@type\":\"ImageObject\",\"inLanguage\":\"fi\",\"@id\":\"https:\\\/\\\/eriks.fi\\\/#\\\/schema\\\/logo\\\/image\\\/\",\"url\":\"https:\\\/\\\/eriks.fi\\\/wp-content\\\/uploads\\\/2025\\\/09\\\/Eriks_logo_NY_KVI_20878.png\",\"contentUrl\":\"https:\\\/\\\/eriks.fi\\\/wp-content\\\/uploads\\\/2025\\\/09\\\/Eriks_logo_NY_KVI_20878.png\",\"width\":965,\"height\":633,\"caption\":\"Kavli\"},\"image\":{\"@id\":\"https:\\\/\\\/eriks.fi\\\/#\\\/schema\\\/logo\\\/image\\\/\"},\"sameAs\":[\"https:\\\/\\\/www.facebook.com\\\/erikskastikkeet\"]}]}<\/script>\n<!-- \/ Yoast SEO plugin. -->","yoast_head_json":{"title":"Eriks Majoneesi - Hummerihodarit - Eriks","robots":{"index":"index","follow":"follow","max-snippet":"max-snippet:-1","max-image-preview":"max-image-preview:large","max-video-preview":"max-video-preview:-1"},"canonical":"https:\/\/eriks.fi\/index.php\/eriks-majoneesi-hummerihodarit\/","og_locale":"fi_FI","og_type":"article","og_title":"Eriks Majoneesi - Hummerihodarit - Eriks","og_description":"Hummerihodarit Valmistusaika: 30 min4 annosta 2 kpl Keitettyj\u00e4 hummereita4 kpl Hot dog -s\u00e4mpyl\u00f6it\u00e440 g Varsiselleri\u00e420 g Ruohosipulia30 g Tilli\u00e41 tl Sitruunamehua0,5 tl Sitruunankuorta (raastettuna)80 g Eriks Majoneesia50 g VoitaSuolaa maun mukaanMustapippuria maun mukaan Tee n\u00e4in: Aloita irrottamalla hummerin sakset ja jalat. Aseta veitsi p\u00e4\u00e4n keskelle ja halkaise hummeri ensin pyrst\u00f6\u00f6n p\u00e4in, k\u00e4\u00e4nn\u00e4 ja jatkatakaisin kohti&hellip;&nbsp;","og_url":"https:\/\/eriks.fi\/index.php\/eriks-majoneesi-hummerihodarit\/","og_site_name":"Eriks","article_publisher":"https:\/\/www.facebook.com\/erikskastikkeet","article_modified_time":"2026-04-20T09:45:51+00:00","og_image":[{"width":960,"height":498,"url":"https:\/\/eriks.fi\/wp-content\/uploads\/2026\/04\/Hummerihodari.jpg","type":"image\/jpeg"}],"twitter_card":"summary_large_image","twitter_misc":{"Arvioitu lukuaika":"2 minuuttia"},"schema":{"@context":"https:\/\/schema.org","@graph":[{"@type":"WebPage","@id":"https:\/\/eriks.fi\/index.php\/eriks-majoneesi-hummerihodarit\/","url":"https:\/\/eriks.fi\/index.php\/eriks-majoneesi-hummerihodarit\/","name":"Eriks Majoneesi - Hummerihodarit - Eriks","isPartOf":{"@id":"https:\/\/eriks.fi\/#website"},"primaryImageOfPage":{"@id":"https:\/\/eriks.fi\/index.php\/eriks-majoneesi-hummerihodarit\/#primaryimage"},"image":{"@id":"https:\/\/eriks.fi\/index.php\/eriks-majoneesi-hummerihodarit\/#primaryimage"},"thumbnailUrl":"https:\/\/eriks.fi\/wp-content\/uploads\/2026\/04\/Hummerihodari.jpg","datePublished":"2026-04-20T09:35:14+00:00","dateModified":"2026-04-20T09:45:51+00:00","breadcrumb":{"@id":"https:\/\/eriks.fi\/index.php\/eriks-majoneesi-hummerihodarit\/#breadcrumb"},"inLanguage":"fi","potentialAction":[{"@type":"ReadAction","target":["https:\/\/eriks.fi\/index.php\/eriks-majoneesi-hummerihodarit\/"]}]},{"@type":"ImageObject","inLanguage":"fi","@id":"https:\/\/eriks.fi\/index.php\/eriks-majoneesi-hummerihodarit\/#primaryimage","url":"https:\/\/eriks.fi\/wp-content\/uploads\/2026\/04\/Hummerihodari.jpg","contentUrl":"https:\/\/eriks.fi\/wp-content\/uploads\/2026\/04\/Hummerihodari.jpg","width":960,"height":498},{"@type":"BreadcrumbList","@id":"https:\/\/eriks.fi\/index.php\/eriks-majoneesi-hummerihodarit\/#breadcrumb","itemListElement":[{"@type":"ListItem","position":1,"name":"Etusivu","item":"https:\/\/eriks.fi\/"},{"@type":"ListItem","position":2,"name":"Eriks Majoneesi &#8211; Hummerihodarit"}]},{"@type":"WebSite","@id":"https:\/\/eriks.fi\/#website","url":"https:\/\/eriks.fi\/","name":"Eriks","description":"Eriks-kastikkeet","publisher":{"@id":"https:\/\/eriks.fi\/#organization"},"potentialAction":[{"@type":"SearchAction","target":{"@type":"EntryPoint","urlTemplate":"https:\/\/eriks.fi\/?s={search_term_string}"},"query-input":{"@type":"PropertyValueSpecification","valueRequired":true,"valueName":"search_term_string"}}],"inLanguage":"fi"},{"@type":"Organization","@id":"https:\/\/eriks.fi\/#organization","name":"Kavli","url":"https:\/\/eriks.fi\/","logo":{"@type":"ImageObject","inLanguage":"fi","@id":"https:\/\/eriks.fi\/#\/schema\/logo\/image\/","url":"https:\/\/eriks.fi\/wp-content\/uploads\/2025\/09\/Eriks_logo_NY_KVI_20878.png","contentUrl":"https:\/\/eriks.fi\/wp-content\/uploads\/2025\/09\/Eriks_logo_NY_KVI_20878.png","width":965,"height":633,"caption":"Kavli"},"image":{"@id":"https:\/\/eriks.fi\/#\/schema\/logo\/image\/"},"sameAs":["https:\/\/www.facebook.com\/erikskastikkeet"]}]}},"_links":{"self":[{"href":"https:\/\/eriks.fi\/index.php\/wp-json\/wp\/v2\/pages\/506","targetHints":{"allow":["GET"]}}],"collection":[{"href":"https:\/\/eriks.fi\/index.php\/wp-json\/wp\/v2\/pages"}],"about":[{"href":"https:\/\/eriks.fi\/index.php\/wp-json\/wp\/v2\/types\/page"}],"author":[{"embeddable":true,"href":"https:\/\/eriks.fi\/index.php\/wp-json\/wp\/v2\/users\/1"}],"replies":[{"embeddable":true,"href":"https:\/\/eriks.fi\/index.php\/wp-json\/wp\/v2\/comments?post=506"}],"version-history":[{"count":6,"href":"https:\/\/eriks.fi\/index.php\/wp-json\/wp\/v2\/pages\/506\/revisions"}],"predecessor-version":[{"id":523,"href":"https:\/\/eriks.fi\/index.php\/wp-json\/wp\/v2\/pages\/506\/revisions\/523"}],"wp:attachment":[{"href":"https:\/\/eriks.fi\/index.php\/wp-json\/wp\/v2\/media?parent=506"}],"curies":[{"name":"wp","href":"https:\/\/api.w.org\/{rel}","templated":true}]}}