{"id":514,"date":"2026-04-20T09:43:40","date_gmt":"2026-04-20T09:43:40","guid":{"rendered":"https:\/\/eriks.fi\/?page_id=514"},"modified":"2026-04-20T09:46:11","modified_gmt":"2026-04-20T09:46:11","slug":"eriks-majoneesi-waldorfin-salatti","status":"publish","type":"page","link":"https:\/\/eriks.fi\/index.php\/eriks-majoneesi-waldorfin-salatti\/","title":{"rendered":"Eriks Majoneesi &#8211; Waldorfin salatti"},"content":{"rendered":"\n<div class=\"wp-block-cover alignfull is-light\" style=\"min-height:531px;aspect-ratio:unset;\"><img loading=\"lazy\" decoding=\"async\" width=\"921\" height=\"536\" class=\"wp-block-cover__image-background wp-image-515 size-full\" alt=\"\" src=\"https:\/\/eriks.fi\/wp-content\/uploads\/2026\/04\/Waldorf_salaatti.jpg\" style=\"object-position:50% 61%\" data-object-fit=\"cover\" data-object-position=\"50% 61%\" srcset=\"https:\/\/eriks.fi\/wp-content\/uploads\/2026\/04\/Waldorf_salaatti.jpg 921w, https:\/\/eriks.fi\/wp-content\/uploads\/2026\/04\/Waldorf_salaatti-300x175.jpg 300w, https:\/\/eriks.fi\/wp-content\/uploads\/2026\/04\/Waldorf_salaatti-768x447.jpg 768w\" sizes=\"auto, (max-width: 921px) 100vw, 921px\" \/><span aria-hidden=\"true\" class=\"wp-block-cover__background has-background-dim-0 has-background-dim\" style=\"background-color:#a1aa91\"><\/span><div class=\"wp-block-cover__inner-container is-layout-flow wp-block-cover-is-layout-flow\">\n<h1 class=\"wp-block-heading has-text-align-center has-white-color has-text-color\"><\/h1>\n\n\n\n<div style=\"height:40px\" aria-hidden=\"true\" class=\"wp-block-spacer\"><\/div>\n\n\n\n<div class=\"wp-block-group\"><div class=\"wp-block-group__inner-container is-layout-flow wp-block-group-is-layout-flow\">\n<div class=\"wp-block-buttons is-content-justification-center is-layout-flex wp-container-core-buttons-is-layout-16018d1d wp-block-buttons-is-layout-flex\"><\/div>\n<\/div><\/div>\n<\/div><\/div>\n\n\n\n<div style=\"height:100px\" aria-hidden=\"true\" class=\"wp-block-spacer\"><\/div>\n\n\n\n<div class=\"wp-block-columns is-layout-flex wp-container-core-columns-is-layout-9d6595d7 wp-block-columns-is-layout-flex\">\n<div class=\"wp-block-column is-layout-flow wp-block-column-is-layout-flow\">\n<figure class=\"wp-block-image size-large\"><img loading=\"lazy\" decoding=\"async\" width=\"910\" height=\"1024\" src=\"https:\/\/eriks.fi\/wp-content\/uploads\/2026\/04\/Waldorfinsalaatti-910x1024.png\" alt=\"\" class=\"wp-image-516\" srcset=\"https:\/\/eriks.fi\/wp-content\/uploads\/2026\/04\/Waldorfinsalaatti-910x1024.png 910w, https:\/\/eriks.fi\/wp-content\/uploads\/2026\/04\/Waldorfinsalaatti-267x300.png 267w, https:\/\/eriks.fi\/wp-content\/uploads\/2026\/04\/Waldorfinsalaatti-768x864.png 768w, https:\/\/eriks.fi\/wp-content\/uploads\/2026\/04\/Waldorfinsalaatti.png 1004w\" sizes=\"auto, (max-width: 910px) 100vw, 910px\" \/><\/figure>\n<\/div>\n\n\n\n<div class=\"wp-block-column is-vertically-aligned-center is-layout-flow wp-block-column-is-layout-flow\">\n<h2 class=\"wp-block-heading\">Eriksin Waldorf-salaatti<\/h2>\n\n\n\n<p><strong>Valmistusaika: 30 min<br>4 annosta<\/strong><\/p>\n\n\n\n<p><br>2 kpl Granny Smith -omenoita<br>2 Varsisellerin vartta<br>300 g Siemenett\u00f6mi\u00e4 viiniryp\u00e4leit\u00e4<br>50 g Saksanp\u00e4hkin\u00f6it\u00e4<br>50 g Pekaanip\u00e4hkin\u00f6it\u00e4<br>200 g Savustettua kalkkunanrintaa<br>100 g Eriks Majoneesia<br>1,5 rkl Sitruunamehua<br>Suolaa maun mukaan<br>Mustapippuria maun mukaan<\/p>\n\n\n\n<div class=\"wp-block-buttons is-layout-flex wp-block-buttons-is-layout-flex\">\n<div class=\"wp-block-button is-style-primary\"><a class=\"wp-block-button__link wp-element-button\" href=\"https:\/\/eriks.fi\/index.php\/uutuudet\/\">Uutuus!<\/a><\/div>\n<\/div>\n<\/div>\n<\/div>\n\n\n\n<div style=\"height:51px\" aria-hidden=\"true\" class=\"wp-block-spacer\"><\/div>\n\n\n\n<p><strong>Tee n\u00e4in:<\/strong><\/p>\n\n\n\n<p>T\u00e4yt\u00e4 kulho kylm\u00e4ll\u00e4 sitruunavedell\u00e4 ja laita kuoritut, kuutioidut omenapalat sinne odottamaan \u2013 ne pysyv\u00e4t n\u00e4in kauniina eiv\u00e4tk\u00e4 tummu. Kuori selleri ja leikkaa se noin parin sentin paloiksi, halkaise ryp\u00e4leet ja leikkaa kalkkuna suikaleiksi. Paahda p\u00e4hkin\u00e4t kuivalla pannulla ja rouhi ne karkeaksi. Yhdist\u00e4 ainekset isossa kulhossa, lis\u00e4\u00e4 majoneesi ja sekoita varovasti. Mausta suolalla ja mustapippurilla, ja ripottele koristeeksi p\u00e4hkin\u00f6it\u00e4 juuri ennen tarjoilua.<\/p>\n\n\n\n<div style=\"height:162px\" aria-hidden=\"true\" class=\"wp-block-spacer\"><\/div>\n","protected":false},"excerpt":{"rendered":"<p>Eriksin Waldorf-salaatti Valmistusaika: 30 min4 annosta 2 kpl Granny Smith -omenoita2 Varsisellerin vartta300 g Siemenett\u00f6mi\u00e4 viiniryp\u00e4leit\u00e450 g Saksanp\u00e4hkin\u00f6it\u00e450 g Pekaanip\u00e4hkin\u00f6it\u00e4200 g Savustettua kalkkunanrintaa100 g Eriks Majoneesia1,5 rkl SitruunamehuaSuolaa maun mukaanMustapippuria maun mukaan Tee n\u00e4in: T\u00e4yt\u00e4 kulho kylm\u00e4ll\u00e4 sitruunavedell\u00e4 ja laita kuoritut, kuutioidut omenapalat sinne odottamaan \u2013 ne pysyv\u00e4t n\u00e4in kauniina eiv\u00e4tk\u00e4 tummu. Kuori selleri ja&hellip;&nbsp;<\/p>\n","protected":false},"author":1,"featured_media":0,"parent":0,"menu_order":0,"comment_status":"closed","ping_status":"closed","template":"","meta":{"neve_meta_sidebar":"","neve_meta_container":"","neve_meta_enable_content_width":"","neve_meta_content_width":0,"neve_meta_title_alignment":"","neve_meta_author_avatar":"","neve_post_elements_order":"","neve_meta_disable_header":"","neve_meta_disable_footer":"","neve_meta_disable_title":"","neve_meta_reading_time":"","iawp_total_views":9,"footnotes":""},"class_list":["post-514","page","type-page","status-publish","hentry"],"yoast_head":"<!-- This site is optimized with the Yoast SEO plugin v27.4 - https:\/\/yoast.com\/product\/yoast-seo-wordpress\/ -->\n<title>Eriks Majoneesi - Waldorfin salatti - Eriks<\/title>\n<meta name=\"robots\" content=\"index, follow, max-snippet:-1, max-image-preview:large, max-video-preview:-1\" \/>\n<link rel=\"canonical\" href=\"https:\/\/eriks.fi\/index.php\/eriks-majoneesi-waldorfin-salatti\/\" \/>\n<meta property=\"og:locale\" content=\"fi_FI\" \/>\n<meta property=\"og:type\" content=\"article\" \/>\n<meta property=\"og:title\" content=\"Eriks Majoneesi - Waldorfin salatti - Eriks\" \/>\n<meta property=\"og:description\" content=\"Eriksin Waldorf-salaatti Valmistusaika: 30 min4 annosta 2 kpl Granny Smith -omenoita2 Varsisellerin vartta300 g Siemenett\u00f6mi\u00e4 viiniryp\u00e4leit\u00e450 g Saksanp\u00e4hkin\u00f6it\u00e450 g Pekaanip\u00e4hkin\u00f6it\u00e4200 g Savustettua kalkkunanrintaa100 g Eriks Majoneesia1,5 rkl SitruunamehuaSuolaa maun mukaanMustapippuria maun mukaan Tee n\u00e4in: T\u00e4yt\u00e4 kulho kylm\u00e4ll\u00e4 sitruunavedell\u00e4 ja laita kuoritut, kuutioidut omenapalat sinne odottamaan \u2013 ne pysyv\u00e4t n\u00e4in kauniina eiv\u00e4tk\u00e4 tummu. Kuori selleri ja&hellip;&nbsp;\" \/>\n<meta property=\"og:url\" content=\"https:\/\/eriks.fi\/index.php\/eriks-majoneesi-waldorfin-salatti\/\" \/>\n<meta property=\"og:site_name\" content=\"Eriks\" \/>\n<meta property=\"article:publisher\" content=\"https:\/\/www.facebook.com\/erikskastikkeet\" \/>\n<meta property=\"article:modified_time\" content=\"2026-04-20T09:46:11+00:00\" \/>\n<meta property=\"og:image\" content=\"https:\/\/eriks.fi\/wp-content\/uploads\/2026\/04\/Waldorf_salaatti.jpg\" \/>\n\t<meta property=\"og:image:width\" content=\"921\" \/>\n\t<meta property=\"og:image:height\" content=\"536\" \/>\n\t<meta property=\"og:image:type\" content=\"image\/jpeg\" \/>\n<meta name=\"twitter:card\" content=\"summary_large_image\" \/>\n<meta name=\"twitter:label1\" content=\"Arvioitu lukuaika\" \/>\n\t<meta name=\"twitter:data1\" content=\"2 minuuttia\" \/>\n<script type=\"application\/ld+json\" class=\"yoast-schema-graph\">{\"@context\":\"https:\\\/\\\/schema.org\",\"@graph\":[{\"@type\":\"WebPage\",\"@id\":\"https:\\\/\\\/eriks.fi\\\/index.php\\\/eriks-majoneesi-waldorfin-salatti\\\/\",\"url\":\"https:\\\/\\\/eriks.fi\\\/index.php\\\/eriks-majoneesi-waldorfin-salatti\\\/\",\"name\":\"Eriks Majoneesi - Waldorfin salatti - Eriks\",\"isPartOf\":{\"@id\":\"https:\\\/\\\/eriks.fi\\\/#website\"},\"primaryImageOfPage\":{\"@id\":\"https:\\\/\\\/eriks.fi\\\/index.php\\\/eriks-majoneesi-waldorfin-salatti\\\/#primaryimage\"},\"image\":{\"@id\":\"https:\\\/\\\/eriks.fi\\\/index.php\\\/eriks-majoneesi-waldorfin-salatti\\\/#primaryimage\"},\"thumbnailUrl\":\"https:\\\/\\\/eriks.fi\\\/wp-content\\\/uploads\\\/2026\\\/04\\\/Waldorf_salaatti.jpg\",\"datePublished\":\"2026-04-20T09:43:40+00:00\",\"dateModified\":\"2026-04-20T09:46:11+00:00\",\"breadcrumb\":{\"@id\":\"https:\\\/\\\/eriks.fi\\\/index.php\\\/eriks-majoneesi-waldorfin-salatti\\\/#breadcrumb\"},\"inLanguage\":\"fi\",\"potentialAction\":[{\"@type\":\"ReadAction\",\"target\":[\"https:\\\/\\\/eriks.fi\\\/index.php\\\/eriks-majoneesi-waldorfin-salatti\\\/\"]}]},{\"@type\":\"ImageObject\",\"inLanguage\":\"fi\",\"@id\":\"https:\\\/\\\/eriks.fi\\\/index.php\\\/eriks-majoneesi-waldorfin-salatti\\\/#primaryimage\",\"url\":\"https:\\\/\\\/eriks.fi\\\/wp-content\\\/uploads\\\/2026\\\/04\\\/Waldorf_salaatti.jpg\",\"contentUrl\":\"https:\\\/\\\/eriks.fi\\\/wp-content\\\/uploads\\\/2026\\\/04\\\/Waldorf_salaatti.jpg\",\"width\":921,\"height\":536},{\"@type\":\"BreadcrumbList\",\"@id\":\"https:\\\/\\\/eriks.fi\\\/index.php\\\/eriks-majoneesi-waldorfin-salatti\\\/#breadcrumb\",\"itemListElement\":[{\"@type\":\"ListItem\",\"position\":1,\"name\":\"Etusivu\",\"item\":\"https:\\\/\\\/eriks.fi\\\/\"},{\"@type\":\"ListItem\",\"position\":2,\"name\":\"Eriks Majoneesi &#8211; Waldorfin salatti\"}]},{\"@type\":\"WebSite\",\"@id\":\"https:\\\/\\\/eriks.fi\\\/#website\",\"url\":\"https:\\\/\\\/eriks.fi\\\/\",\"name\":\"Eriks\",\"description\":\"Eriks-kastikkeet\",\"publisher\":{\"@id\":\"https:\\\/\\\/eriks.fi\\\/#organization\"},\"potentialAction\":[{\"@type\":\"SearchAction\",\"target\":{\"@type\":\"EntryPoint\",\"urlTemplate\":\"https:\\\/\\\/eriks.fi\\\/?s={search_term_string}\"},\"query-input\":{\"@type\":\"PropertyValueSpecification\",\"valueRequired\":true,\"valueName\":\"search_term_string\"}}],\"inLanguage\":\"fi\"},{\"@type\":\"Organization\",\"@id\":\"https:\\\/\\\/eriks.fi\\\/#organization\",\"name\":\"Kavli\",\"url\":\"https:\\\/\\\/eriks.fi\\\/\",\"logo\":{\"@type\":\"ImageObject\",\"inLanguage\":\"fi\",\"@id\":\"https:\\\/\\\/eriks.fi\\\/#\\\/schema\\\/logo\\\/image\\\/\",\"url\":\"https:\\\/\\\/eriks.fi\\\/wp-content\\\/uploads\\\/2025\\\/09\\\/Eriks_logo_NY_KVI_20878.png\",\"contentUrl\":\"https:\\\/\\\/eriks.fi\\\/wp-content\\\/uploads\\\/2025\\\/09\\\/Eriks_logo_NY_KVI_20878.png\",\"width\":965,\"height\":633,\"caption\":\"Kavli\"},\"image\":{\"@id\":\"https:\\\/\\\/eriks.fi\\\/#\\\/schema\\\/logo\\\/image\\\/\"},\"sameAs\":[\"https:\\\/\\\/www.facebook.com\\\/erikskastikkeet\"]}]}<\/script>\n<!-- \/ Yoast SEO plugin. -->","yoast_head_json":{"title":"Eriks Majoneesi - Waldorfin salatti - Eriks","robots":{"index":"index","follow":"follow","max-snippet":"max-snippet:-1","max-image-preview":"max-image-preview:large","max-video-preview":"max-video-preview:-1"},"canonical":"https:\/\/eriks.fi\/index.php\/eriks-majoneesi-waldorfin-salatti\/","og_locale":"fi_FI","og_type":"article","og_title":"Eriks Majoneesi - Waldorfin salatti - Eriks","og_description":"Eriksin Waldorf-salaatti Valmistusaika: 30 min4 annosta 2 kpl Granny Smith -omenoita2 Varsisellerin vartta300 g Siemenett\u00f6mi\u00e4 viiniryp\u00e4leit\u00e450 g Saksanp\u00e4hkin\u00f6it\u00e450 g Pekaanip\u00e4hkin\u00f6it\u00e4200 g Savustettua kalkkunanrintaa100 g Eriks Majoneesia1,5 rkl SitruunamehuaSuolaa maun mukaanMustapippuria maun mukaan Tee n\u00e4in: T\u00e4yt\u00e4 kulho kylm\u00e4ll\u00e4 sitruunavedell\u00e4 ja laita kuoritut, kuutioidut omenapalat sinne odottamaan \u2013 ne pysyv\u00e4t n\u00e4in kauniina eiv\u00e4tk\u00e4 tummu. Kuori selleri ja&hellip;&nbsp;","og_url":"https:\/\/eriks.fi\/index.php\/eriks-majoneesi-waldorfin-salatti\/","og_site_name":"Eriks","article_publisher":"https:\/\/www.facebook.com\/erikskastikkeet","article_modified_time":"2026-04-20T09:46:11+00:00","og_image":[{"width":921,"height":536,"url":"https:\/\/eriks.fi\/wp-content\/uploads\/2026\/04\/Waldorf_salaatti.jpg","type":"image\/jpeg"}],"twitter_card":"summary_large_image","twitter_misc":{"Arvioitu lukuaika":"2 minuuttia"},"schema":{"@context":"https:\/\/schema.org","@graph":[{"@type":"WebPage","@id":"https:\/\/eriks.fi\/index.php\/eriks-majoneesi-waldorfin-salatti\/","url":"https:\/\/eriks.fi\/index.php\/eriks-majoneesi-waldorfin-salatti\/","name":"Eriks Majoneesi - Waldorfin salatti - Eriks","isPartOf":{"@id":"https:\/\/eriks.fi\/#website"},"primaryImageOfPage":{"@id":"https:\/\/eriks.fi\/index.php\/eriks-majoneesi-waldorfin-salatti\/#primaryimage"},"image":{"@id":"https:\/\/eriks.fi\/index.php\/eriks-majoneesi-waldorfin-salatti\/#primaryimage"},"thumbnailUrl":"https:\/\/eriks.fi\/wp-content\/uploads\/2026\/04\/Waldorf_salaatti.jpg","datePublished":"2026-04-20T09:43:40+00:00","dateModified":"2026-04-20T09:46:11+00:00","breadcrumb":{"@id":"https:\/\/eriks.fi\/index.php\/eriks-majoneesi-waldorfin-salatti\/#breadcrumb"},"inLanguage":"fi","potentialAction":[{"@type":"ReadAction","target":["https:\/\/eriks.fi\/index.php\/eriks-majoneesi-waldorfin-salatti\/"]}]},{"@type":"ImageObject","inLanguage":"fi","@id":"https:\/\/eriks.fi\/index.php\/eriks-majoneesi-waldorfin-salatti\/#primaryimage","url":"https:\/\/eriks.fi\/wp-content\/uploads\/2026\/04\/Waldorf_salaatti.jpg","contentUrl":"https:\/\/eriks.fi\/wp-content\/uploads\/2026\/04\/Waldorf_salaatti.jpg","width":921,"height":536},{"@type":"BreadcrumbList","@id":"https:\/\/eriks.fi\/index.php\/eriks-majoneesi-waldorfin-salatti\/#breadcrumb","itemListElement":[{"@type":"ListItem","position":1,"name":"Etusivu","item":"https:\/\/eriks.fi\/"},{"@type":"ListItem","position":2,"name":"Eriks Majoneesi &#8211; Waldorfin salatti"}]},{"@type":"WebSite","@id":"https:\/\/eriks.fi\/#website","url":"https:\/\/eriks.fi\/","name":"Eriks","description":"Eriks-kastikkeet","publisher":{"@id":"https:\/\/eriks.fi\/#organization"},"potentialAction":[{"@type":"SearchAction","target":{"@type":"EntryPoint","urlTemplate":"https:\/\/eriks.fi\/?s={search_term_string}"},"query-input":{"@type":"PropertyValueSpecification","valueRequired":true,"valueName":"search_term_string"}}],"inLanguage":"fi"},{"@type":"Organization","@id":"https:\/\/eriks.fi\/#organization","name":"Kavli","url":"https:\/\/eriks.fi\/","logo":{"@type":"ImageObject","inLanguage":"fi","@id":"https:\/\/eriks.fi\/#\/schema\/logo\/image\/","url":"https:\/\/eriks.fi\/wp-content\/uploads\/2025\/09\/Eriks_logo_NY_KVI_20878.png","contentUrl":"https:\/\/eriks.fi\/wp-content\/uploads\/2025\/09\/Eriks_logo_NY_KVI_20878.png","width":965,"height":633,"caption":"Kavli"},"image":{"@id":"https:\/\/eriks.fi\/#\/schema\/logo\/image\/"},"sameAs":["https:\/\/www.facebook.com\/erikskastikkeet"]}]}},"_links":{"self":[{"href":"https:\/\/eriks.fi\/index.php\/wp-json\/wp\/v2\/pages\/514","targetHints":{"allow":["GET"]}}],"collection":[{"href":"https:\/\/eriks.fi\/index.php\/wp-json\/wp\/v2\/pages"}],"about":[{"href":"https:\/\/eriks.fi\/index.php\/wp-json\/wp\/v2\/types\/page"}],"author":[{"embeddable":true,"href":"https:\/\/eriks.fi\/index.php\/wp-json\/wp\/v2\/users\/1"}],"replies":[{"embeddable":true,"href":"https:\/\/eriks.fi\/index.php\/wp-json\/wp\/v2\/comments?post=514"}],"version-history":[{"count":3,"href":"https:\/\/eriks.fi\/index.php\/wp-json\/wp\/v2\/pages\/514\/revisions"}],"predecessor-version":[{"id":524,"href":"https:\/\/eriks.fi\/index.php\/wp-json\/wp\/v2\/pages\/514\/revisions\/524"}],"wp:attachment":[{"href":"https:\/\/eriks.fi\/index.php\/wp-json\/wp\/v2\/media?parent=514"}],"curies":[{"name":"wp","href":"https:\/\/api.w.org\/{rel}","templated":true}]}}