{"id":611,"date":"2026-04-28T06:20:38","date_gmt":"2026-04-28T06:20:38","guid":{"rendered":"https:\/\/eriks.fi\/?page_id=611"},"modified":"2026-04-28T06:49:25","modified_gmt":"2026-04-28T06:49:25","slug":"helpot-herkut-vappubrunssille","status":"publish","type":"page","link":"https:\/\/eriks.fi\/index.php\/helpot-herkut-vappubrunssille\/","title":{"rendered":"Helpot herkut vappubrunssille!"},"content":{"rendered":"\n<div class=\"wp-block-cover alignfull is-light\" style=\"min-height:504px;aspect-ratio:unset;\"><img loading=\"lazy\" decoding=\"async\" width=\"1707\" height=\"2560\" class=\"wp-block-cover__image-background wp-image-612 size-full\" alt=\"\" src=\"https:\/\/eriks.fi\/wp-content\/uploads\/2026\/04\/deviled-egg-2026-01-11-08-26-50-utc-scaled.jpg\" style=\"object-position:54% 28%\" data-object-fit=\"cover\" data-object-position=\"54% 28%\" srcset=\"https:\/\/eriks.fi\/wp-content\/uploads\/2026\/04\/deviled-egg-2026-01-11-08-26-50-utc-scaled.jpg 1707w, https:\/\/eriks.fi\/wp-content\/uploads\/2026\/04\/deviled-egg-2026-01-11-08-26-50-utc-200x300.jpg 200w, https:\/\/eriks.fi\/wp-content\/uploads\/2026\/04\/deviled-egg-2026-01-11-08-26-50-utc-683x1024.jpg 683w, https:\/\/eriks.fi\/wp-content\/uploads\/2026\/04\/deviled-egg-2026-01-11-08-26-50-utc-768x1152.jpg 768w\" sizes=\"auto, (max-width: 1707px) 100vw, 1707px\" \/><span aria-hidden=\"true\" class=\"wp-block-cover__background has-background-dim-0 has-background-dim\" style=\"background-color:#d0c1a5\"><\/span><div class=\"wp-block-cover__inner-container is-layout-flow wp-block-cover-is-layout-flow\">\n<p class=\"has-text-align-center has-large-font-size\"><\/p>\n<\/div><\/div>\n\n\n\n<div style=\"height:100px\" aria-hidden=\"true\" class=\"wp-block-spacer\"><\/div>\n\n\n\n<h1 class=\"wp-block-heading\"><strong>Kev\u00e4\u00e4n juhlap\u00f6yt\u00e4 syntyy vaivattomasti<\/strong><\/h1>\n\n\n\n<p>Vappubrunssi on t\u00e4ydellinen hetki nauttia rennosta yhdess\u00e4olosta ja herkullisista mauista. Parhaat brunssitarjoilut syntyv\u00e4t yksinkertaisista, mutta n\u00e4ytt\u00e4vist\u00e4 resepteist\u00e4, jotka voi valmistaa helposti etuk\u00e4teen tai koota nopeasti tarjoiluun. Raikkaat maut, sesongin parhaat raaka-aineet ja pienet twistit tekev\u00e4t perinteisist\u00e4kin herkuista kiinnostavia.<\/p>\n\n\n\n<h3 class=\"wp-block-heading\"><strong>N\u00e4ytt\u00e4v\u00e4\u00e4, helppoa ja herkullista<\/strong><\/h3>\n\n\n\n<p>Brunssip\u00f6yt\u00e4\u00e4n sopivat erityisesti ruoat, jotka ovat sek\u00e4 kauniita ett\u00e4 helposti jaettavia. T\u00e4ytetyt leiv\u00e4t, raikkaat salaatit ja pienet suupalat tuovat vaihtelua ja tekev\u00e4t kattauksesta houkuttelevan. N\u00e4iss\u00e4 resepteiss\u00e4 yhdistyv\u00e4t t\u00e4ytel\u00e4isyys, helppous ja kev\u00e4isyys, juuri se, mit\u00e4 onnistunut vappubrunssi kaipaa. N\u00e4ill\u00e4 resepteill\u00e4 rakennat vaivattomasti herkullisen ja n\u00e4ytt\u00e4v\u00e4n vappubrunssin, joka ihastuttaa niin vieraita kuin kokkaajaakin.<\/p>\n\n\n\n<div style=\"height:51px\" aria-hidden=\"true\" class=\"wp-block-spacer\"><\/div>\n\n\n\n<div class=\"wp-block-columns is-layout-flex wp-container-core-columns-is-layout-9d6595d7 wp-block-columns-is-layout-flex\">\n<div class=\"wp-block-column is-layout-flow wp-block-column-is-layout-flow\">\n<figure class=\"wp-block-image size-large\"><img loading=\"lazy\" decoding=\"async\" width=\"682\" height=\"1024\" src=\"https:\/\/eriks.fi\/wp-content\/uploads\/2026\/04\/hot-and-golden-french-croissant-with-avocado-and-s-2026-01-09-11-55-48-utc-682x1024.jpg\" alt=\"\" class=\"wp-image-615\" srcset=\"https:\/\/eriks.fi\/wp-content\/uploads\/2026\/04\/hot-and-golden-french-croissant-with-avocado-and-s-2026-01-09-11-55-48-utc-682x1024.jpg 682w, https:\/\/eriks.fi\/wp-content\/uploads\/2026\/04\/hot-and-golden-french-croissant-with-avocado-and-s-2026-01-09-11-55-48-utc-200x300.jpg 200w, https:\/\/eriks.fi\/wp-content\/uploads\/2026\/04\/hot-and-golden-french-croissant-with-avocado-and-s-2026-01-09-11-55-48-utc-768x1152.jpg 768w, https:\/\/eriks.fi\/wp-content\/uploads\/2026\/04\/hot-and-golden-french-croissant-with-avocado-and-s-2026-01-09-11-55-48-utc-1024x1536.jpg 1024w, https:\/\/eriks.fi\/wp-content\/uploads\/2026\/04\/hot-and-golden-french-croissant-with-avocado-and-s-2026-01-09-11-55-48-utc.jpg 1181w\" sizes=\"auto, (max-width: 682px) 100vw, 682px\" \/><\/figure>\n\n\n\n<p><\/p>\n\n\n\n<h3 class=\"wp-block-heading has-text-align-left\"><strong>T\u00e4ytetyt croissantit savulohitwistill\u00e4<\/strong><\/h3>\n\n\n\n<div class=\"wp-block-group is-layout-grid wp-container-core-group-is-layout-9649a0d9 wp-block-group-is-layout-grid\">\n<p class=\"has-text-align-left wp-container-content-69bc4bdf\">Croissantteja<\/p>\n\n\n\n<p class=\"has-text-align-left wp-container-content-69bc4bdf\">Eriks majoneesia<\/p>\n\n\n\n<p class=\"wp-container-content-69bc4bdf\">Savulohta<\/p>\n\n\n\n<p class=\"wp-container-content-69bc4bdf\">Avokadoa<\/p>\n\n\n\n<p class=\"wp-container-content-69bc4bdf\">Tuoretta tilli\u00e4 ja sitruunaa<\/p>\n<\/div>\n\n\n\n<p><\/p>\n\n\n\n<p><strong>Valmistus:<\/strong><br>Halkaise croissantit ja levit\u00e4 v\u00e4liin reilu kerros majoneesia. Lis\u00e4\u00e4 savulohi, viipaloitu avokado ja ripaus tuoretta tilli\u00e4. Purista p\u00e4\u00e4lle hieman sitruunamehua viimeistelem\u00e4\u00e4n maku. Helppo, n\u00e4ytt\u00e4v\u00e4 ja takuulla brunssip\u00f6yd\u00e4n suosikki.<\/p>\n\n\n\n<div style=\"height:30px\" aria-hidden=\"true\" class=\"wp-block-spacer\"><\/div>\n<\/div>\n\n\n\n<div class=\"wp-block-column is-layout-flow wp-block-column-is-layout-flow\">\n<figure class=\"wp-block-image size-large\"><img loading=\"lazy\" decoding=\"async\" width=\"682\" height=\"1024\" src=\"https:\/\/eriks.fi\/wp-content\/uploads\/2026\/04\/perunasalaatti-682x1024.jpg\" alt=\"\" class=\"wp-image-613\" srcset=\"https:\/\/eriks.fi\/wp-content\/uploads\/2026\/04\/perunasalaatti-682x1024.jpg 682w, https:\/\/eriks.fi\/wp-content\/uploads\/2026\/04\/perunasalaatti-200x300.jpg 200w, https:\/\/eriks.fi\/wp-content\/uploads\/2026\/04\/perunasalaatti-768x1152.jpg 768w, https:\/\/eriks.fi\/wp-content\/uploads\/2026\/04\/perunasalaatti-1024x1536.jpg 1024w, https:\/\/eriks.fi\/wp-content\/uploads\/2026\/04\/perunasalaatti.jpg 1181w\" sizes=\"auto, (max-width: 682px) 100vw, 682px\" \/><\/figure>\n\n\n\n<p><\/p>\n\n\n\n<h3 class=\"wp-block-heading has-text-align-left\"><strong>Raikas perunasalaatti dijonilla<\/strong><\/h3>\n\n\n\n<div class=\"wp-block-group is-layout-grid wp-container-core-group-is-layout-9649a0d9 wp-block-group-is-layout-grid\">\n<p>Keitettyj\u00e4 uusia perunoita<\/p>\n\n\n\n<p>Kev\u00e4tsipulia<\/p>\n\n\n\n<p>Retiisi\u00e4<\/p>\n\n\n\n<p>Eriks majoneesia<\/p>\n\n\n\n<p>Dijon-sinappia<\/p>\n<\/div>\n\n\n\n<p><\/p>\n\n\n\n<p><strong>Valmistus:<\/strong><br>Pilko keitetyt perunat sopiviksi paloiksi. Lis\u00e4\u00e4 joukkoon viipaloitu kev\u00e4tsipuli ja retiisi. Sekoita majoneesi ja dijon-sinappi kastikkeeksi ja yhdist\u00e4 salaattiin. Raikas mutta t\u00e4ytel\u00e4inen salaatti toimii erinomaisesti kuohuvan rinnalla ja tuo brunssip\u00f6yt\u00e4\u00e4n kev\u00e4ist\u00e4 keveytt\u00e4.<\/p>\n\n\n\n<div style=\"height:30px\" aria-hidden=\"true\" class=\"wp-block-spacer\"><\/div>\n<\/div>\n\n\n\n<div class=\"wp-block-column is-layout-flow wp-block-column-is-layout-flow\">\n<figure class=\"wp-block-image size-large\"><img loading=\"lazy\" decoding=\"async\" width=\"682\" height=\"1024\" src=\"https:\/\/eriks.fi\/wp-content\/uploads\/2026\/04\/kananmunat-682x1024.jpg\" alt=\"\" class=\"wp-image-614\" srcset=\"https:\/\/eriks.fi\/wp-content\/uploads\/2026\/04\/kananmunat-682x1024.jpg 682w, https:\/\/eriks.fi\/wp-content\/uploads\/2026\/04\/kananmunat-200x300.jpg 200w, https:\/\/eriks.fi\/wp-content\/uploads\/2026\/04\/kananmunat-768x1152.jpg 768w, https:\/\/eriks.fi\/wp-content\/uploads\/2026\/04\/kananmunat-1024x1536.jpg 1024w, https:\/\/eriks.fi\/wp-content\/uploads\/2026\/04\/kananmunat.jpg 1181w\" sizes=\"auto, (max-width: 682px) 100vw, 682px\" \/><\/figure>\n\n\n\n<p><\/p>\n\n\n\n<h3 class=\"wp-block-heading has-text-align-left\"><strong>Majoneesinen kananmunat\u00e4yte<\/strong><\/h3>\n\n\n\n<div class=\"wp-block-group is-layout-grid wp-container-core-group-is-layout-9649a0d9 wp-block-group-is-layout-grid\">\n<p>Keitettyj\u00e4 kananmunia<\/p>\n\n\n\n<p>Eriks majoneesia<\/p>\n\n\n\n<p>Sinappia<\/p>\n\n\n\n<p>Suolaa ja pippuria<\/p>\n\n\n\n<p>Ruohosipulia<\/p>\n\n\n\n<p><\/p>\n\n\n\n<p><\/p>\n\n\n\n<p><strong>Valmistus:<\/strong><br>Kuori ja puolita kananmunat. Nosta keltuaiset kulhoon ja sekoita ne majoneesin ja sinapin kanssa tasaiseksi tahnaksi. Mausta suolalla ja pippurilla. Lusikoi tai pursota t\u00e4yte takaisin valkuaisten sis\u00e4\u00e4n ja viimeistele hienonnetulla ruohosipulilla. N\u00e4m\u00e4 pienet suupalat ovat brunssin klassikko!<\/p>\n<\/div>\n\n\n\n<div style=\"height:30px\" aria-hidden=\"true\" class=\"wp-block-spacer\"><\/div>\n<\/div>\n<\/div>\n\n\n\n<div style=\"height:100px\" aria-hidden=\"true\" class=\"wp-block-spacer\"><\/div>\n\n\n\n<p><\/p>\n","protected":false},"excerpt":{"rendered":"<p>Kev\u00e4\u00e4n juhlap\u00f6yt\u00e4 syntyy vaivattomasti Vappubrunssi on t\u00e4ydellinen hetki nauttia rennosta yhdess\u00e4olosta ja herkullisista mauista. Parhaat brunssitarjoilut syntyv\u00e4t yksinkertaisista, mutta n\u00e4ytt\u00e4vist\u00e4 resepteist\u00e4, jotka voi valmistaa helposti etuk\u00e4teen tai koota nopeasti tarjoiluun. Raikkaat maut, sesongin parhaat raaka-aineet ja pienet twistit tekev\u00e4t perinteisist\u00e4kin herkuista kiinnostavia. N\u00e4ytt\u00e4v\u00e4\u00e4, helppoa ja herkullista Brunssip\u00f6yt\u00e4\u00e4n sopivat erityisesti ruoat, jotka ovat sek\u00e4 kauniita ett\u00e4&hellip;&nbsp;<\/p>\n","protected":false},"author":1,"featured_media":0,"parent":0,"menu_order":0,"comment_status":"closed","ping_status":"closed","template":"","meta":{"neve_meta_sidebar":"","neve_meta_container":"","neve_meta_enable_content_width":"","neve_meta_content_width":0,"neve_meta_title_alignment":"","neve_meta_author_avatar":"","neve_post_elements_order":"","neve_meta_disable_header":"","neve_meta_disable_footer":"","neve_meta_disable_title":"","neve_meta_reading_time":"","iawp_total_views":11,"footnotes":""},"class_list":["post-611","page","type-page","status-publish","hentry"],"yoast_head":"<!-- This site is optimized with the Yoast SEO plugin v27.4 - https:\/\/yoast.com\/product\/yoast-seo-wordpress\/ -->\n<title>Helpot herkut vappubrunssille! - Eriks<\/title>\n<meta name=\"robots\" content=\"index, follow, max-snippet:-1, max-image-preview:large, max-video-preview:-1\" \/>\n<link rel=\"canonical\" href=\"https:\/\/eriks.fi\/index.php\/helpot-herkut-vappubrunssille\/\" \/>\n<meta property=\"og:locale\" content=\"fi_FI\" \/>\n<meta property=\"og:type\" content=\"article\" \/>\n<meta property=\"og:title\" content=\"Helpot brunssiherkut - Eriks Majoneesi\" \/>\n<meta property=\"og:description\" content=\"Parhaat brunssitarjoilut syntyv\u00e4t yksinkertaisista resepteist\u00e4, jotka voi valmistaa helposti etuk\u00e4teen tai koota nopeasti tarjoiluun.\" \/>\n<meta property=\"og:url\" content=\"https:\/\/eriks.fi\/index.php\/helpot-herkut-vappubrunssille\/\" \/>\n<meta property=\"og:site_name\" content=\"Eriks\" \/>\n<meta property=\"article:publisher\" content=\"https:\/\/www.facebook.com\/erikskastikkeet\" \/>\n<meta property=\"article:modified_time\" content=\"2026-04-28T06:49:25+00:00\" \/>\n<meta property=\"og:image\" content=\"https:\/\/eriks.fi\/wp-content\/uploads\/2026\/04\/kananmunat.jpg\" \/>\n\t<meta property=\"og:image:width\" content=\"1181\" \/>\n\t<meta property=\"og:image:height\" content=\"1772\" \/>\n\t<meta property=\"og:image:type\" content=\"image\/jpeg\" \/>\n<meta name=\"twitter:card\" content=\"summary_large_image\" \/>\n<meta name=\"twitter:label1\" content=\"Arvioitu lukuaika\" \/>\n\t<meta name=\"twitter:data1\" content=\"3 minuuttia\" \/>\n<script type=\"application\/ld+json\" class=\"yoast-schema-graph\">{\"@context\":\"https:\\\/\\\/schema.org\",\"@graph\":[{\"@type\":\"WebPage\",\"@id\":\"https:\\\/\\\/eriks.fi\\\/index.php\\\/helpot-herkut-vappubrunssille\\\/\",\"url\":\"https:\\\/\\\/eriks.fi\\\/index.php\\\/helpot-herkut-vappubrunssille\\\/\",\"name\":\"Helpot herkut vappubrunssille! - Eriks\",\"isPartOf\":{\"@id\":\"https:\\\/\\\/eriks.fi\\\/#website\"},\"primaryImageOfPage\":{\"@id\":\"https:\\\/\\\/eriks.fi\\\/index.php\\\/helpot-herkut-vappubrunssille\\\/#primaryimage\"},\"image\":{\"@id\":\"https:\\\/\\\/eriks.fi\\\/index.php\\\/helpot-herkut-vappubrunssille\\\/#primaryimage\"},\"thumbnailUrl\":\"https:\\\/\\\/eriks.fi\\\/wp-content\\\/uploads\\\/2026\\\/04\\\/deviled-egg-2026-01-11-08-26-50-utc-scaled.jpg\",\"datePublished\":\"2026-04-28T06:20:38+00:00\",\"dateModified\":\"2026-04-28T06:49:25+00:00\",\"breadcrumb\":{\"@id\":\"https:\\\/\\\/eriks.fi\\\/index.php\\\/helpot-herkut-vappubrunssille\\\/#breadcrumb\"},\"inLanguage\":\"fi\",\"potentialAction\":[{\"@type\":\"ReadAction\",\"target\":[\"https:\\\/\\\/eriks.fi\\\/index.php\\\/helpot-herkut-vappubrunssille\\\/\"]}]},{\"@type\":\"ImageObject\",\"inLanguage\":\"fi\",\"@id\":\"https:\\\/\\\/eriks.fi\\\/index.php\\\/helpot-herkut-vappubrunssille\\\/#primaryimage\",\"url\":\"https:\\\/\\\/eriks.fi\\\/wp-content\\\/uploads\\\/2026\\\/04\\\/deviled-egg-2026-01-11-08-26-50-utc-scaled.jpg\",\"contentUrl\":\"https:\\\/\\\/eriks.fi\\\/wp-content\\\/uploads\\\/2026\\\/04\\\/deviled-egg-2026-01-11-08-26-50-utc-scaled.jpg\",\"width\":1707,\"height\":2560},{\"@type\":\"BreadcrumbList\",\"@id\":\"https:\\\/\\\/eriks.fi\\\/index.php\\\/helpot-herkut-vappubrunssille\\\/#breadcrumb\",\"itemListElement\":[{\"@type\":\"ListItem\",\"position\":1,\"name\":\"Etusivu\",\"item\":\"https:\\\/\\\/eriks.fi\\\/\"},{\"@type\":\"ListItem\",\"position\":2,\"name\":\"Helpot herkut vappubrunssille!\"}]},{\"@type\":\"WebSite\",\"@id\":\"https:\\\/\\\/eriks.fi\\\/#website\",\"url\":\"https:\\\/\\\/eriks.fi\\\/\",\"name\":\"Eriks\",\"description\":\"Eriks-kastikkeet\",\"publisher\":{\"@id\":\"https:\\\/\\\/eriks.fi\\\/#organization\"},\"potentialAction\":[{\"@type\":\"SearchAction\",\"target\":{\"@type\":\"EntryPoint\",\"urlTemplate\":\"https:\\\/\\\/eriks.fi\\\/?s={search_term_string}\"},\"query-input\":{\"@type\":\"PropertyValueSpecification\",\"valueRequired\":true,\"valueName\":\"search_term_string\"}}],\"inLanguage\":\"fi\"},{\"@type\":\"Organization\",\"@id\":\"https:\\\/\\\/eriks.fi\\\/#organization\",\"name\":\"Kavli\",\"url\":\"https:\\\/\\\/eriks.fi\\\/\",\"logo\":{\"@type\":\"ImageObject\",\"inLanguage\":\"fi\",\"@id\":\"https:\\\/\\\/eriks.fi\\\/#\\\/schema\\\/logo\\\/image\\\/\",\"url\":\"https:\\\/\\\/eriks.fi\\\/wp-content\\\/uploads\\\/2025\\\/09\\\/Eriks_logo_NY_KVI_20878.png\",\"contentUrl\":\"https:\\\/\\\/eriks.fi\\\/wp-content\\\/uploads\\\/2025\\\/09\\\/Eriks_logo_NY_KVI_20878.png\",\"width\":965,\"height\":633,\"caption\":\"Kavli\"},\"image\":{\"@id\":\"https:\\\/\\\/eriks.fi\\\/#\\\/schema\\\/logo\\\/image\\\/\"},\"sameAs\":[\"https:\\\/\\\/www.facebook.com\\\/erikskastikkeet\"]}]}<\/script>\n<!-- \/ Yoast SEO plugin. -->","yoast_head_json":{"title":"Helpot herkut vappubrunssille! - Eriks","robots":{"index":"index","follow":"follow","max-snippet":"max-snippet:-1","max-image-preview":"max-image-preview:large","max-video-preview":"max-video-preview:-1"},"canonical":"https:\/\/eriks.fi\/index.php\/helpot-herkut-vappubrunssille\/","og_locale":"fi_FI","og_type":"article","og_title":"Helpot brunssiherkut - Eriks Majoneesi","og_description":"Parhaat brunssitarjoilut syntyv\u00e4t yksinkertaisista resepteist\u00e4, jotka voi valmistaa helposti etuk\u00e4teen tai koota nopeasti tarjoiluun.","og_url":"https:\/\/eriks.fi\/index.php\/helpot-herkut-vappubrunssille\/","og_site_name":"Eriks","article_publisher":"https:\/\/www.facebook.com\/erikskastikkeet","article_modified_time":"2026-04-28T06:49:25+00:00","og_image":[{"width":1181,"height":1772,"url":"https:\/\/eriks.fi\/wp-content\/uploads\/2026\/04\/kananmunat.jpg","type":"image\/jpeg"}],"twitter_card":"summary_large_image","twitter_misc":{"Arvioitu lukuaika":"3 minuuttia"},"schema":{"@context":"https:\/\/schema.org","@graph":[{"@type":"WebPage","@id":"https:\/\/eriks.fi\/index.php\/helpot-herkut-vappubrunssille\/","url":"https:\/\/eriks.fi\/index.php\/helpot-herkut-vappubrunssille\/","name":"Helpot herkut vappubrunssille! - Eriks","isPartOf":{"@id":"https:\/\/eriks.fi\/#website"},"primaryImageOfPage":{"@id":"https:\/\/eriks.fi\/index.php\/helpot-herkut-vappubrunssille\/#primaryimage"},"image":{"@id":"https:\/\/eriks.fi\/index.php\/helpot-herkut-vappubrunssille\/#primaryimage"},"thumbnailUrl":"https:\/\/eriks.fi\/wp-content\/uploads\/2026\/04\/deviled-egg-2026-01-11-08-26-50-utc-scaled.jpg","datePublished":"2026-04-28T06:20:38+00:00","dateModified":"2026-04-28T06:49:25+00:00","breadcrumb":{"@id":"https:\/\/eriks.fi\/index.php\/helpot-herkut-vappubrunssille\/#breadcrumb"},"inLanguage":"fi","potentialAction":[{"@type":"ReadAction","target":["https:\/\/eriks.fi\/index.php\/helpot-herkut-vappubrunssille\/"]}]},{"@type":"ImageObject","inLanguage":"fi","@id":"https:\/\/eriks.fi\/index.php\/helpot-herkut-vappubrunssille\/#primaryimage","url":"https:\/\/eriks.fi\/wp-content\/uploads\/2026\/04\/deviled-egg-2026-01-11-08-26-50-utc-scaled.jpg","contentUrl":"https:\/\/eriks.fi\/wp-content\/uploads\/2026\/04\/deviled-egg-2026-01-11-08-26-50-utc-scaled.jpg","width":1707,"height":2560},{"@type":"BreadcrumbList","@id":"https:\/\/eriks.fi\/index.php\/helpot-herkut-vappubrunssille\/#breadcrumb","itemListElement":[{"@type":"ListItem","position":1,"name":"Etusivu","item":"https:\/\/eriks.fi\/"},{"@type":"ListItem","position":2,"name":"Helpot herkut vappubrunssille!"}]},{"@type":"WebSite","@id":"https:\/\/eriks.fi\/#website","url":"https:\/\/eriks.fi\/","name":"Eriks","description":"Eriks-kastikkeet","publisher":{"@id":"https:\/\/eriks.fi\/#organization"},"potentialAction":[{"@type":"SearchAction","target":{"@type":"EntryPoint","urlTemplate":"https:\/\/eriks.fi\/?s={search_term_string}"},"query-input":{"@type":"PropertyValueSpecification","valueRequired":true,"valueName":"search_term_string"}}],"inLanguage":"fi"},{"@type":"Organization","@id":"https:\/\/eriks.fi\/#organization","name":"Kavli","url":"https:\/\/eriks.fi\/","logo":{"@type":"ImageObject","inLanguage":"fi","@id":"https:\/\/eriks.fi\/#\/schema\/logo\/image\/","url":"https:\/\/eriks.fi\/wp-content\/uploads\/2025\/09\/Eriks_logo_NY_KVI_20878.png","contentUrl":"https:\/\/eriks.fi\/wp-content\/uploads\/2025\/09\/Eriks_logo_NY_KVI_20878.png","width":965,"height":633,"caption":"Kavli"},"image":{"@id":"https:\/\/eriks.fi\/#\/schema\/logo\/image\/"},"sameAs":["https:\/\/www.facebook.com\/erikskastikkeet"]}]}},"_links":{"self":[{"href":"https:\/\/eriks.fi\/index.php\/wp-json\/wp\/v2\/pages\/611","targetHints":{"allow":["GET"]}}],"collection":[{"href":"https:\/\/eriks.fi\/index.php\/wp-json\/wp\/v2\/pages"}],"about":[{"href":"https:\/\/eriks.fi\/index.php\/wp-json\/wp\/v2\/types\/page"}],"author":[{"embeddable":true,"href":"https:\/\/eriks.fi\/index.php\/wp-json\/wp\/v2\/users\/1"}],"replies":[{"embeddable":true,"href":"https:\/\/eriks.fi\/index.php\/wp-json\/wp\/v2\/comments?post=611"}],"version-history":[{"count":12,"href":"https:\/\/eriks.fi\/index.php\/wp-json\/wp\/v2\/pages\/611\/revisions"}],"predecessor-version":[{"id":632,"href":"https:\/\/eriks.fi\/index.php\/wp-json\/wp\/v2\/pages\/611\/revisions\/632"}],"wp:attachment":[{"href":"https:\/\/eriks.fi\/index.php\/wp-json\/wp\/v2\/media?parent=611"}],"curies":[{"name":"wp","href":"https:\/\/api.w.org\/{rel}","templated":true}]}}